[INFO] fetching crate rusty_v8_m 0.4.3...
[INFO] checking rusty_v8_m-0.4.3 against master#cfbc6d4cf1acbac5c025acf8ed68929caa551df3 for pr-75494-beta
[INFO] extracting crate rusty_v8_m 0.4.3 into /workspace/builds/worker-11/source
[INFO] validating manifest of crates.io crate rusty_v8_m 0.4.3 on toolchain cfbc6d4cf1acbac5c025acf8ed68929caa551df3
[INFO] running `Command { std: "/workspace/cargo-home/bin/cargo" "+cfbc6d4cf1acbac5c025acf8ed68929caa551df3" "read-manifest" "--manifest-path" "Cargo.toml", kill_on_drop: false }`
[INFO] started tweaking crates.io crate rusty_v8_m 0.4.3
[INFO] finished tweaking crates.io crate rusty_v8_m 0.4.3
[INFO] tweaked toml for crates.io crate rusty_v8_m 0.4.3 written to /workspace/builds/worker-11/source/Cargo.toml
[INFO] running `Command { std: "/workspace/cargo-home/bin/cargo" "+cfbc6d4cf1acbac5c025acf8ed68929caa551df3" "generate-lockfile" "--manifest-path" "Cargo.toml" "-Zno-index-update", kill_on_drop: false }`
[INFO] running `Command { std: "/workspace/cargo-home/bin/cargo" "+cfbc6d4cf1acbac5c025acf8ed68929caa551df3" "fetch" "--locked" "--manifest-path" "Cargo.toml", kill_on_drop: false }`
[INFO] running `Command { std: "docker" "create" "-v" "/var/lib/crater-agent-workspace/builds/worker-11/target:/opt/rustwide/target:rw,Z" "-v" "/var/lib/crater-agent-workspace/builds/worker-11/source:/opt/rustwide/workdir:ro,Z" "-v" "/var/lib/crater-agent-workspace/cargo-home:/opt/rustwide/cargo-home:ro,Z" "-v" "/var/lib/crater-agent-workspace/rustup-home:/opt/rustwide/rustup-home:ro,Z" "-e" "SOURCE_DIR=/opt/rustwide/workdir" "-e" "CARGO_TARGET_DIR=/opt/rustwide/target" "-e" "CARGO_HOME=/opt/rustwide/cargo-home" "-e" "RUSTUP_HOME=/opt/rustwide/rustup-home" "-w" "/opt/rustwide/workdir" "-m" "1610612736" "--user" "0:0" "--network" "none" "rustops/crates-build-env@sha256:a636fd89d022f18117e1dc8fb37a0a009933cdbbe082814857f0e2024962d47c" "/opt/rustwide/cargo-home/bin/cargo" "+cfbc6d4cf1acbac5c025acf8ed68929caa551df3" "metadata" "--no-deps" "--format-version=1", kill_on_drop: false }`
[INFO] [stdout] 4d22a33c19d7e92c4d347fc8a9b23bb01a4c38caa726a56bbdfc9b730315164e
[INFO] [stderr] WARNING: Your kernel does not support swap limit capabilities or the cgroup is not mounted. Memory limited without swap.
[INFO] running `Command { std: "docker" "start" "-a" "4d22a33c19d7e92c4d347fc8a9b23bb01a4c38caa726a56bbdfc9b730315164e", kill_on_drop: false }`
[INFO] running `Command { std: "docker" "inspect" "4d22a33c19d7e92c4d347fc8a9b23bb01a4c38caa726a56bbdfc9b730315164e", kill_on_drop: false }`
[INFO] running `Command { std: "docker" "rm" "-f" "4d22a33c19d7e92c4d347fc8a9b23bb01a4c38caa726a56bbdfc9b730315164e", kill_on_drop: false }`
[INFO] [stdout] 4d22a33c19d7e92c4d347fc8a9b23bb01a4c38caa726a56bbdfc9b730315164e
[INFO] running `Command { std: "docker" "create" "-v" "/var/lib/crater-agent-workspace/builds/worker-11/target:/opt/rustwide/target:rw,Z" "-v" "/var/lib/crater-agent-workspace/builds/worker-11/source:/opt/rustwide/workdir:ro,Z" "-v" "/var/lib/crater-agent-workspace/cargo-home:/opt/rustwide/cargo-home:ro,Z" "-v" "/var/lib/crater-agent-workspace/rustup-home:/opt/rustwide/rustup-home:ro,Z" "-e" "SOURCE_DIR=/opt/rustwide/workdir" "-e" "CARGO_TARGET_DIR=/opt/rustwide/target" "-e" "CARGO_INCREMENTAL=0" "-e" "RUST_BACKTRACE=full" "-e" "RUSTFLAGS=--cap-lints=forbid" "-e" "CARGO_HOME=/opt/rustwide/cargo-home" "-e" "RUSTUP_HOME=/opt/rustwide/rustup-home" "-w" "/opt/rustwide/workdir" "-m" "1610612736" "--user" "0:0" "--network" "none" "rustops/crates-build-env@sha256:a636fd89d022f18117e1dc8fb37a0a009933cdbbe082814857f0e2024962d47c" "/opt/rustwide/cargo-home/bin/cargo" "+cfbc6d4cf1acbac5c025acf8ed68929caa551df3" "check" "--frozen" "--all" "--all-targets" "--message-format=json", kill_on_drop: false }`
[INFO] [stdout] d935919f0828dbf0561683caf81bd3793c3761d106fc91bdebb59185cdb5534e
[INFO] [stderr] WARNING: Your kernel does not support swap limit capabilities or the cgroup is not mounted. Memory limited without swap.
[INFO] running `Command { std: "docker" "start" "-a" "d935919f0828dbf0561683caf81bd3793c3761d106fc91bdebb59185cdb5534e", kill_on_drop: false }`
[INFO] [stderr]    Compiling proc-macro2 v1.0.19
[INFO] [stderr]    Compiling libc v0.2.76
[INFO] [stderr]    Compiling unicode-xid v0.2.1
[INFO] [stderr]    Compiling syn v1.0.39
[INFO] [stderr]    Compiling adler v0.2.3
[INFO] [stderr]    Compiling gimli v0.22.0
[INFO] [stderr]    Compiling object v0.20.0
[INFO] [stderr]    Compiling serde_derive v1.0.115
[INFO] [stderr]    Compiling rustc-demangle v0.1.16
[INFO] [stderr]    Compiling serde v1.0.115
[INFO] [stderr]    Compiling ryu v1.0.5
[INFO] [stderr]    Compiling serde_json v1.0.57
[INFO] [stderr]    Compiling cargo_gn v0.0.15
[INFO] [stderr]    Compiling bitflags v1.2.1
[INFO] [stderr]     Checking lazy_static v1.4.0
[INFO] [stderr]     Checking itoa v0.4.6
[INFO] [stderr]     Checking termcolor v1.1.0
[INFO] [stderr]     Checking glob v0.3.0
[INFO] [stderr]    Compiling miniz_oxide v0.4.0
[INFO] [stderr]    Compiling quote v1.0.7
[INFO] [stderr]    Compiling addr2line v0.13.0
[INFO] [stderr]    Compiling backtrace v0.3.50
[INFO] [stderr]    Compiling failure v0.1.8
[INFO] [stderr]    Compiling which v3.1.1
[INFO] [stderr]    Compiling rusty_v8_m v0.4.3 (/opt/rustwide/workdir)
[INFO] [stderr]     Checking toml v0.5.6
[INFO] [stderr]     Checking trybuild v1.0.32
[INFO] [stdout] error[E0432]: unresolved import `rusty_v8`
[INFO] [stdout]  --> tests/slots.rs:6:5
[INFO] [stdout]   |
[INFO] [stdout] 6 | use rusty_v8 as v8;
[INFO] [stdout]   |     ^^^^^^^^^^^^^^ no `rusty_v8` external crate
[INFO] [stdout] 
[INFO] [stdout] 
[INFO] [stdout] error[E0432]: unresolved import `rusty_v8`
[INFO] [stdout]   --> tests/test_api.rs:11:5
[INFO] [stdout]    |
[INFO] [stdout] 11 | use rusty_v8 as v8;
[INFO] [stdout]    |     ^^^^^^^^^^^^^^ no `rusty_v8` external crate
[INFO] [stdout] 
[INFO] [stdout] 
[INFO] [stdout] error[E0599]: no method named `set_slot` found for struct `CoreIsolate` in the current scope
[INFO] [stdout]   --> tests/slots.rs:98:18
[INFO] [stdout]    |
[INFO] [stdout] 14 | struct CoreIsolate(v8::OwnedIsolate);
[INFO] [stdout]    | ------------------------------------- method `set_slot` not found for this
[INFO] [stdout] ...
[INFO] [stdout] 98 |     core_isolate.set_slot(state);
[INFO] [stdout]    |                  ^^^^^^^^ method not found in `CoreIsolate`
[INFO] [stdout] 
[INFO] [stdout] 
[INFO] [stdout] error[E0599]: no method named `get_slot` found for struct `CoreIsolate` in the current scope
[INFO] [stdout]    --> tests/slots.rs:103:24
[INFO] [stdout]     |
[INFO] [stdout] 14  | struct CoreIsolate(v8::OwnedIsolate);
[INFO] [stdout]     | ------------------------------------- method `get_slot` not found for this
[INFO] [stdout] ...
[INFO] [stdout] 103 |     let state = self.0.get_slot::<EsIsolateState>().unwrap();
[INFO] [stdout]     |                        ^^^^^^^^ method not found in `CoreIsolate`
[INFO] [stdout] 
[INFO] [stdout] 
[INFO] [stdout] error[E0599]: no method named `get_slot_mut` found for struct `CoreIsolate` in the current scope
[INFO] [stdout]    --> tests/slots.rs:108:28
[INFO] [stdout]     |
[INFO] [stdout] 14  | struct CoreIsolate(v8::OwnedIsolate);
[INFO] [stdout]     | ------------------------------------- method `get_slot_mut` not found for this
[INFO] [stdout] ...
[INFO] [stdout] 108 |     let mut state = self.0.get_slot_mut::<EsIsolateState>().unwrap();
[INFO] [stdout]     |                            ^^^^^^^^^^^^ method not found in `CoreIsolate`
[INFO] [stdout] 
[INFO] [stdout] 
[INFO] [stdout] error[E0599]: no method named `thread_safe_handle` found for struct `CoreIsolate` in the current scope
[INFO] [stdout]    --> tests/slots.rs:133:37
[INFO] [stdout]     |
[INFO] [stdout] 14  | struct CoreIsolate(v8::OwnedIsolate);
[INFO] [stdout]     | ------------------------------------- method `thread_safe_handle` not found for this
[INFO] [stdout] ...
[INFO] [stdout] 133 |   let isolate_handle = core_isolate.thread_safe_handle();
[INFO] [stdout]     |                                     ^^^^^^^^^^^^^^^^^^ method not found in `CoreIsolate`
[INFO] [stdout] 
[INFO] [stdout] 
[INFO] [stdout] error[E0599]: no method named `run_microtasks` found for struct `CoreIsolate` in the current scope
[INFO] [stdout]    --> tests/slots.rs:141:16
[INFO] [stdout]     |
[INFO] [stdout] 14  | struct CoreIsolate(v8::OwnedIsolate);
[INFO] [stdout]     | ------------------------------------- method `run_microtasks` not found for this
[INFO] [stdout] ...
[INFO] [stdout] 141 |   core_isolate.run_microtasks();
[INFO] [stdout]     |                ^^^^^^^^^^^^^^ method not found in `CoreIsolate`
[INFO] [stdout] 
[INFO] [stdout] 
[INFO] [stdout] error[E0599]: no method named `run_microtasks` found for struct `EsIsolate` in the current scope
[INFO] [stdout]    --> tests/slots.rs:159:14
[INFO] [stdout]     |
[INFO] [stdout] 78  | struct EsIsolate(CoreIsolate);
[INFO] [stdout]     | ------------------------------ method `run_microtasks` not found for this
[INFO] [stdout] ...
[INFO] [stdout] 159 |   es_isolate.run_microtasks();
[INFO] [stdout]     |              ^^^^^^^^^^^^^^ method not found in `EsIsolate`
[INFO] [stdout] 
[INFO] [stdout] 
[INFO] [stdout] error: aborting due to 7 previous errors
[INFO] [stdout] 
[INFO] [stdout] 
[INFO] [stdout] Some errors have detailed explanations: E0432, E0599.
[INFO] [stdout] 
[INFO] [stdout] For more information about an error, try `rustc --explain E0432`.
[INFO] [stdout] 
[INFO] [stderr] error: could not compile `rusty_v8_m`.
[INFO] [stderr] 
[INFO] [stderr] To learn more, run the command again with --verbose.
[INFO] [stderr] warning: build failed, waiting for other jobs to finish...
[INFO] [stdout] error[E0433]: failed to resolve: use of undeclared type or module `V8Inspector`
[INFO] [stdout]     --> tests/test_api.rs:2588:23
[INFO] [stdout]      |
[INFO] [stdout] 2588 |   let mut inspector = V8Inspector::create(&mut isolate, &mut default_client);
[INFO] [stdout]      |                       ^^^^^^^^^^^ not found in this scope
[INFO] [stdout]      |
[INFO] [stdout] help: consider importing this struct
[INFO] [stdout]      |
[INFO] [stdout] 6    | use rusty_v8_m::inspector::V8Inspector;
[INFO] [stdout]      |
[INFO] [stdout] 
[INFO] [stdout] 
[INFO] [stdout] error[E0433]: failed to resolve: use of undeclared type or module `StringView`
[INFO] [stdout]     --> tests/test_api.rs:2597:19
[INFO] [stdout]      |
[INFO] [stdout] 2597 |   let name_view = StringView::from(&name[..]);
[INFO] [stdout]      |                   ^^^^^^^^^^ not found in this scope
[INFO] [stdout]      |
[INFO] [stdout] help: consider importing this enum
[INFO] [stdout]      |
[INFO] [stdout] 6    | use rusty_v8_m::inspector::StringView;
[INFO] [stdout]      |
[INFO] [stdout] 
[INFO] [stdout] 
[INFO] [stdout] error[E0433]: failed to resolve: use of undeclared type or module `StringView`
[INFO] [stdout]     --> tests/test_api.rs:2601:20
[INFO] [stdout]      |
[INFO] [stdout] 2601 |   let state_view = StringView::from(&state[..]);
[INFO] [stdout]      |                    ^^^^^^^^^^ not found in this scope
[INFO] [stdout]      |
[INFO] [stdout] help: consider importing this enum
[INFO] [stdout]      |
[INFO] [stdout] 6    | use rusty_v8_m::inspector::StringView;
[INFO] [stdout]      |
[INFO] [stdout] 
[INFO] [stdout] 
[INFO] [stdout] error[E0433]: failed to resolve: use of undeclared type or module `StringView`
[INFO] [stdout]     --> tests/test_api.rs:2607:21
[INFO] [stdout]      |
[INFO] [stdout] 2607 |   let string_view = StringView::from(message);
[INFO] [stdout]      |                     ^^^^^^^^^^ not found in this scope
[INFO] [stdout]      |
[INFO] [stdout] help: consider importing this enum
[INFO] [stdout]      |
[INFO] [stdout] 6    | use rusty_v8_m::inspector::StringView;
[INFO] [stdout]      |
[INFO] [stdout] 
[INFO] [stdout] 
[INFO] [stdout] error[E0433]: failed to resolve: use of undeclared type or module `V8Inspector`
[INFO] [stdout]     --> tests/test_api.rs:2621:23
[INFO] [stdout]      |
[INFO] [stdout] 2621 |   let mut inspector = V8Inspector::create(&mut isolate, &mut client);
[INFO] [stdout]      |                       ^^^^^^^^^^^ not found in this scope
[INFO] [stdout]      |
[INFO] [stdout] help: consider importing this struct
[INFO] [stdout]      |
[INFO] [stdout] 6    | use rusty_v8_m::inspector::V8Inspector;
[INFO] [stdout]      |
[INFO] [stdout] 
[INFO] [stdout] 
[INFO] [stdout] error[E0433]: failed to resolve: use of undeclared type or module `StringView`
[INFO] [stdout]     --> tests/test_api.rs:2631:20
[INFO] [stdout]      |
[INFO] [stdout] 2631 |   let state_view = StringView::from(&state[..]);
[INFO] [stdout]      |                    ^^^^^^^^^^ not found in this scope
[INFO] [stdout]      |
[INFO] [stdout] help: consider importing this enum
[INFO] [stdout]      |
[INFO] [stdout] 6    | use rusty_v8_m::inspector::StringView;
[INFO] [stdout]      |
[INFO] [stdout] 
[INFO] [stdout] 
[INFO] [stdout] error[E0433]: failed to resolve: use of undeclared type or module `StringView`
[INFO] [stdout]     --> tests/test_api.rs:2635:19
[INFO] [stdout]      |
[INFO] [stdout] 2635 |   let name_view = StringView::from(&name[..]);
[INFO] [stdout]      |                   ^^^^^^^^^^ not found in this scope
[INFO] [stdout]      |
[INFO] [stdout] help: consider importing this enum
[INFO] [stdout]      |
[INFO] [stdout] 6    | use rusty_v8_m::inspector::StringView;
[INFO] [stdout]      |
[INFO] [stdout] 
[INFO] [stdout] 
[INFO] [stdout] error[E0433]: failed to resolve: use of undeclared type or module `StringView`
[INFO] [stdout]     --> tests/test_api.rs:2642:17
[INFO] [stdout]      |
[INFO] [stdout] 2642 |   let message = StringView::from(message);
[INFO] [stdout]      |                 ^^^^^^^^^^ not found in this scope
[INFO] [stdout]      |
[INFO] [stdout] help: consider importing this enum
[INFO] [stdout]      |
[INFO] [stdout] 6    | use rusty_v8_m::inspector::StringView;
[INFO] [stdout]      |
[INFO] [stdout] 
[INFO] [stdout] 
[INFO] [stdout] error[E0433]: failed to resolve: use of undeclared type or module `StringView`
[INFO] [stdout]     --> tests/test_api.rs:2653:16
[INFO] [stdout]      |
[INFO] [stdout] 2653 |   let reason = StringView::from(&reason[..]);
[INFO] [stdout]      |                ^^^^^^^^^^ not found in this scope
[INFO] [stdout]      |
[INFO] [stdout] help: consider importing this enum
[INFO] [stdout]      |
[INFO] [stdout] 6    | use rusty_v8_m::inspector::StringView;
[INFO] [stdout]      |
[INFO] [stdout] 
[INFO] [stdout] 
[INFO] [stdout] error[E0433]: failed to resolve: use of undeclared type or module `StringView`
[INFO] [stdout]     --> tests/test_api.rs:2655:16
[INFO] [stdout]      |
[INFO] [stdout] 2655 |   let detail = StringView::from(&detail[..]);
[INFO] [stdout]      |                ^^^^^^^^^^ not found in this scope
[INFO] [stdout]      |
[INFO] [stdout] help: consider importing this enum
[INFO] [stdout]      |
[INFO] [stdout] 6    | use rusty_v8_m::inspector::StringView;
[INFO] [stdout]      |
[INFO] [stdout] 
[INFO] [stdout] 
[INFO] [stdout] error[E0412]: cannot find type `V8InspectorClientBase` in this scope
[INFO] [stdout]     --> tests/test_api.rs:2684:11
[INFO] [stdout]      |
[INFO] [stdout] 2684 |     base: V8InspectorClientBase,
[INFO] [stdout]      |           ^^^^^^^^^^^^^^^^^^^^^ not found in this scope
[INFO] [stdout]      |
[INFO] [stdout] help: consider importing this struct
[INFO] [stdout]      |
[INFO] [stdout] 6    | use rusty_v8_m::inspector::V8InspectorClientBase;
[INFO] [stdout]      |
[INFO] [stdout] 
[INFO] [stdout] 
[INFO] [stdout] error[E0433]: failed to resolve: use of undeclared type or module `V8InspectorClientBase`
[INFO] [stdout]     --> tests/test_api.rs:2691:15
[INFO] [stdout]      |
[INFO] [stdout] 2691 |         base: V8InspectorClientBase::new::<Self>(),
[INFO] [stdout]      |               ^^^^^^^^^^^^^^^^^^^^^ not found in this scope
[INFO] [stdout]      |
[INFO] [stdout] help: consider importing this struct
[INFO] [stdout]      |
[INFO] [stdout] 6    | use rusty_v8_m::inspector::V8InspectorClientBase;
[INFO] [stdout]      |
[INFO] [stdout] 
[INFO] [stdout] 
[INFO] [stdout] error[E0405]: cannot find trait `V8InspectorClientImpl` in this scope
[INFO] [stdout]     --> tests/test_api.rs:2697:8
[INFO] [stdout]      |
[INFO] [stdout] 2697 |   impl V8InspectorClientImpl for Client {
[INFO] [stdout]      |        ^^^^^^^^^^^^^^^^^^^^^ not found in this scope
[INFO] [stdout]      |
[INFO] [stdout] help: consider importing this trait
[INFO] [stdout]      |
[INFO] [stdout] 6    | use rusty_v8_m::inspector::V8InspectorClientImpl;
[INFO] [stdout]      |
[INFO] [stdout] 
[INFO] [stdout] 
[INFO] [stdout] error[E0412]: cannot find type `V8InspectorClientBase` in this scope
[INFO] [stdout]     --> tests/test_api.rs:2698:24
[INFO] [stdout]      |
[INFO] [stdout] 2698 |     fn base(&self) -> &V8InspectorClientBase {
[INFO] [stdout]      |                        ^^^^^^^^^^^^^^^^^^^^^ not found in this scope
[INFO] [stdout]      |
[INFO] [stdout] help: consider importing this struct
[INFO] [stdout]      |
[INFO] [stdout] 6    | use rusty_v8_m::inspector::V8InspectorClientBase;
[INFO] [stdout]      |
[INFO] [stdout] 
[INFO] [stdout] 
[INFO] [stdout] error[E0412]: cannot find type `V8InspectorClientBase` in this scope
[INFO] [stdout]     --> tests/test_api.rs:2702:36
[INFO] [stdout]      |
[INFO] [stdout] 2702 |     fn base_mut(&mut self) -> &mut V8InspectorClientBase {
[INFO] [stdout]      |                                    ^^^^^^^^^^^^^^^^^^^^^ not found in this scope
[INFO] [stdout]      |
[INFO] [stdout] help: consider importing this struct
[INFO] [stdout]      |
[INFO] [stdout] 6    | use rusty_v8_m::inspector::V8InspectorClientBase;
[INFO] [stdout]      |
[INFO] [stdout] 
[INFO] [stdout] 
[INFO] [stdout] error[E0412]: cannot find type `StringView` in this scope
[INFO] [stdout]     --> tests/test_api.rs:2710:17
[INFO] [stdout]      |
[INFO] [stdout] 2710 |       message: &StringView,
[INFO] [stdout]      |                 ^^^^^^^^^^ not found in this scope
[INFO] [stdout]      |
[INFO] [stdout] help: consider importing this enum
[INFO] [stdout]      |
[INFO] [stdout] 6    | use rusty_v8_m::inspector::StringView;
[INFO] [stdout]      |
[INFO] [stdout] 
[INFO] [stdout] 
[INFO] [stdout] error[E0412]: cannot find type `StringView` in this scope
[INFO] [stdout]     --> tests/test_api.rs:2711:14
[INFO] [stdout]      |
[INFO] [stdout] 2711 |       _url: &StringView,
[INFO] [stdout]      |              ^^^^^^^^^^ not found in this scope
[INFO] [stdout]      |
[INFO] [stdout] help: consider importing this enum
[INFO] [stdout]      |
[INFO] [stdout] 6    | use rusty_v8_m::inspector::StringView;
[INFO] [stdout]      |
[INFO] [stdout] 
[INFO] [stdout] 
[INFO] [stdout] error[E0412]: cannot find type `V8StackTrace` in this scope
[INFO] [stdout]     --> tests/test_api.rs:2714:26
[INFO] [stdout]      |
[INFO] [stdout] 2714 |       _stack_trace: &mut V8StackTrace,
[INFO] [stdout]      |                          ^^^^^^^^^^^^ not found in this scope
[INFO] [stdout]      |
[INFO] [stdout] help: consider importing this struct
[INFO] [stdout]      |
[INFO] [stdout] 6    | use rusty_v8_m::inspector::V8StackTrace;
[INFO] [stdout]      |
[INFO] [stdout] 
[INFO] [stdout] 
[INFO] [stdout] error[E0433]: failed to resolve: use of undeclared type or module `V8Inspector`
[INFO] [stdout]     --> tests/test_api.rs:2721:23
[INFO] [stdout]      |
[INFO] [stdout] 2721 |   let mut inspector = V8Inspector::create(&mut isolate, &mut client);
[INFO] [stdout]      |                       ^^^^^^^^^^^ not found in this scope
[INFO] [stdout]      |
[INFO] [stdout] help: consider importing this struct
[INFO] [stdout]      |
[INFO] [stdout] 6    | use rusty_v8_m::inspector::V8Inspector;
[INFO] [stdout]      |
[INFO] [stdout] 
[INFO] [stdout] 
[INFO] [stdout] error[E0433]: failed to resolve: use of undeclared type or module `StringView`
[INFO] [stdout]     --> tests/test_api.rs:2730:19
[INFO] [stdout]      |
[INFO] [stdout] 2730 |   let name_view = StringView::from(&name[..]);
[INFO] [stdout]      |                   ^^^^^^^^^^ not found in this scope
[INFO] [stdout]      |
[INFO] [stdout] help: consider importing this enum
[INFO] [stdout]      |
[INFO] [stdout] 6    | use rusty_v8_m::inspector::StringView;
[INFO] [stdout]      |
[INFO] [stdout] 
[INFO] [stdout] 
[INFO] [stdout] warning: unused import: `TryFrom`
[INFO] [stdout]  --> tests/test_api.rs:6:26
[INFO] [stdout]   |
[INFO] [stdout] 6 | use std::convert::{Into, TryFrom, TryInto};
[INFO] [stdout]   |                          ^^^^^^^
[INFO] [stdout]   |
[INFO] [stdout]   = note: `#[warn(unused_imports)]` on by default
[INFO] [stdout] 
[INFO] [stdout] 
[INFO] [stdout] error: aborting due to 21 previous errors; 1 warning emitted
[INFO] [stdout] 
[INFO] [stdout] 
[INFO] [stdout] Some errors have detailed explanations: E0405, E0412, E0432, E0433.
[INFO] [stdout] 
[INFO] [stdout] For more information about an error, try `rustc --explain E0405`.
[INFO] [stdout] 
[INFO] [stderr] error: build failed
[INFO] running `Command { std: "docker" "inspect" "d935919f0828dbf0561683caf81bd3793c3761d106fc91bdebb59185cdb5534e", kill_on_drop: false }`
[INFO] running `Command { std: "docker" "rm" "-f" "d935919f0828dbf0561683caf81bd3793c3761d106fc91bdebb59185cdb5534e", kill_on_drop: false }`
[INFO] [stdout] d935919f0828dbf0561683caf81bd3793c3761d106fc91bdebb59185cdb5534e
